+ 9*m**2 - 2*m + 13. Let p be f(9). Let u = 5 + p. Determine w(u).
3
Let u(w) be the first derivative of w**2/2 + w + 1. Let c(q) = -q**3 + 16*q**2 - 13*q - 31. Let x be c(15). Give u(x).
0
Let j = -14 + 16. Let l(c) be the second derivative of 3*c + 2*c**j + 0 - 1/6*c**3. Calculate l(4).
0
Suppose 5*g - 2*g + 35 = 4*m, 0 = 5*m + 2*g - 15. Let o(c) = 1 + 2*c**3 + 4*c**2 - 2*c**3 - c**3 + 6*c. Determine o(m).
6
Let g(m) = m**3 + 5*m**2 - 6*m + 4. Suppose 5*t + 26 = -0*t + 2*w, -26 = 4*t + w. Give g(t).
4
Suppose 2 - 14 = -4*r. Let l(j) be the second derivative of j**4/12 - j**3 + j**2/2 + 19*j. Determine l(r).
-8
Let q(w) = 2*w**2 - 2*w - 2. Let l(x) = -x**2 + 3*x + 2. Let u(b) = -3*l(b) - 2*q(b). Let f(c) be the first derivative of u(c). Give f(-4).
3
Let s(a) = -a**3 - a - 10. Let d(w) = -w**3 - w**2 - 2*w - 9. Let f(i) = -5*d(i) + 4*s(i). What is f(-4)?
-3
Let a(u) = -2*u**2 + 3*u + 2. Suppose -5*g + 0*f + 2*f + 60 = 0, g + f = 5. Suppose 0 = 2*c + 2*b - 16, 5*c + 0*b - b - g = 0. What is a(c)?
-7
Let j(i) be the third derivative of -i**6/120 + i**5/30 - i**4/24 - i**3/3 - 3*i**2. What is j(2)?
-4
Let i(g) = -g**3 + g**2 - 3. Let c(m) = m**2 - m + 3. Let w be 1/2*(7 + -1). Let q be c(w). Suppose -5*k + 3*y - q = 6, 3*y - 15 = 0. Determine i(k).
-3
Let w(s) = -2*s - 7. Suppose 9*i - 5 = 10*i. Give w(i).
3
Suppose 0*t - 2 = -t. Let g(p) = 2*p - 9 + t - 3*p. Determine g(-4).
-3
Let a(g) = -5*g**2 + 1. Suppose 4*b + 6 = 2*t, -3*t = 3*b - 7 - 2. Suppose n + b*n + 1 = 0. Determine a(n).
-4
Let u(w) = -12*w - 4. Let g(i) = 25*i + 9. Let k(f) = -3*g(f) - 7*u(f). Let z be (-2)/(1/(-2)*-4). Calculate k(z).
-8
Let u be (3/(-6))/(2/(-20)). Suppose -3*f = -4*x + 23, 19 - 4 = -5*x - u*f. Let n(q) = q**3 - 2*q + 1. Determine n(x).
5
Let z(m) = m + 7. Let k = 24 - 24. What is z(k)?
7
Suppose -s - 4*s + 75 = 0. Suppose 0*u = -3*u - s. Let d(w) be the second derivative of -w**3/6 - 5*w**2/2 + w. Calculate d(u).
0
Let q(v) = 2*v**2 - 1. Let k be -8 - ((-4 - -1) + 5). Let o = k + 8. What is q(o)?
7
Suppose 3*n = -3*d + 5*d - 13, -2*n = -4*d + 6. Let a(g) = g**3 + 4*g**2 - 8*g - 7. What is a(n)?
8
Suppose 0 = -2*u - u - c - 8, -c = -2*u - 7. Let b(s) = 2*s - 7. Let f be b(5). Let p(r) = -r**3 + 3*r**2 + 2*r**f + 18*r - 16*r. Calculate p(u).
-6
Suppose -21*l - 4 = -20*l. Suppose v - 22 = -4*r, 0*v - 5*r = 5*v - 35. Let p(f) = -v + f**2 + 1 + 3*f + 4. Calculate p(l).
7
Suppose 4*y - u = y - 3, -4*u = 2*y - 12. Let r(p) = 3*p**2 + 4*p + 2*p**2 + 3 - 4*p**2 + y*p. Calculate r(-3).
0
Let b(z) = -5*z + 5. Let x be b(-5). Suppose -x = 6*o - o. Let p(t) = -t**3 - 6*t**2 + 2*t + 6. Calculate p(o).
-6
Let x = -9 + 11. Let j(q) = 1 + 1 - q**3 + 5*q**x + q - 6*q. Determine j(4).
-2
Let s(m) = 0*m**2 - m**2 + m + 3*m**2. Suppose 3*t + 52 = -t + p, 48 = -4*t + 2*p. Let z = -15 - t. Give s(z).
1
Let m(u) = -3*u + 6. Let v(a) = -a + 2. Let q(c) = 6*m(c) - 17*v(c). Suppose -2*p - 7 = 5*i + 3, -5*p = 4*i + 8. Give q(p).
2
Let t = 10 + -8. Let s(m) = m**3 + 5*m**2 - 7*m - 4. Let d be s(-6). Let k(a) = -6 + a + 2 + d - a**3. What is k(t)?
-8
Let p(t) = -5*t**3 - t**2 + 5*t - 1. Let z(r) = -2 + 11*r + 2*r**3 - 3*r**2 - 4*r**3 - 9*r**3. Let v(w) = 7*p(w) - 3*z(w). Let q = -1 - -3. Determine v(q).
-5
Let r = -6 - -8. Let n(w) = 5*w**2 + w - 5. Let k be (4/5)/((-1)/(-5)). Let u(q) = 4*q**2 + q - 4. Let z(d) = k*u(d) - 3*n(d). Calculate z(r).
5
Let t(o) be the first derivative of -2*o**3/3 + o**2 - 2*o + 1. What is t(2)?
-6
Let q(n) be the second derivative of -5/6*n**3 - n**2 + n + 0 + 1/12*n**4. Let x be q(6). Let o(m) = -m**3 + 4*m**2 + m + 3. Calculate o(x).
7
Let s(j) = j**2 + 7*j + 4. Let k = 12 - 18. Calculate s(k).
-2
Let p = 3 + -16. Let w = -11 - p. Let u(t) = 4*t + 2. Determine u(w).
10
Let j(g) = -g - 2. Let z(h) = 2*h + 4. Let p(u) = 5*j(u) + 2*z(u). What is p(-4)?
2
Let o(a) = 5*a - 7. Let s(p) = 6*p - 7. Let c(y) = 5*o(y) - 4*s(y). Suppose 4 = 9*r - 7*r. Let d = r - -3. What is c(d)?
-2
Let l(n) = 5*n + 9. Let a(s) = -s - 1. Let u(m) = -6*a(m) - l(m). Calculate u(-3).
-6
Let d(c) be the second derivative of -7*c**3/6 + 2*c**2 + c. Let g(s) = s. Let j(f) = d(f) + 6*g(f). Give j(0).
4
Let n(q) be the third derivative of -q**4/24 - 15*q**2. Give n(2).
-2
Let s(y) be the first derivative of -y**4/4 + 4*y**3/3 + y**2 + 3*y - 7. Calculate s(5).
-12
Let m(q) be the first derivative of -4 - 1/3*q**3 - 3/2*q**2 - 6*q. Calculate m(-4).
-10
Let d(n) be the first derivative of n**4/4 - n**3 - 7*n**2/2 + 5*n + 23. Calculate d(4).
-7
Let t(p) = p + 12. Let w(u) = 6*u**3 - u. Let f be w(1). Suppose 0*j = f*j + 25. What is t(j)?
7
Let b(v) = 0*v - 10*v - 9*v**2 + 10*v**2 + 10. Give b(9).
1
Let v(a) = -2*a**2 - 2*a - 1. Let b = -5 - -11. Let t be b/1*10/(-20). What is v(t)?
-13
Suppose 9*p - 6 = 8*p. Let k(s) = s - 4. Determine k(p).
2
Let k(z) = z + 1210 - z**2 + z - 1209. Calculate k(-2).
-7
Let m(i) be the second derivative of i**5/30 + i**4/8 + i**3/6 + 3*i. Let o(c) be the second derivative of m(c). Calculate o(-2).
-5
Let p(j) = j**3 - 5*j**2 + 4*j - 4. Suppose 154*t = 156*t - 8. Calculate p(t).
-4
Let g(h) = h + 3. Suppose 4*n = -2*n + 30. Determine g(n).
8
Let v(y) = 2 - y**2 - 4*y**2 + 2*y + y**3 - 8. Suppose 28 = 8*z - 12. What is v(z)?
4
Let k(j) = j**2 - 7*j + 5. Let y be k(5). Let m be (2 + y)/(0 + -1). Suppose -3 = v, -16 = 5*d - m*v + 5*v. Let a(c) = -c**3 - 2*c**2 - 3*c. Determine a(d).
6
Let p(n) be the third derivative of n**5/60 - 3*n**4/8 + 7*n**3/6 + 9*n**2. Calculate p(7).
-7
Let w(f) = -7 + f**2 + 9 + 5*f + 0*f**2. Suppose 0 = 3*b - x + 12, 2*b = -5*x - 3 + 12. Calculate w(b).
-4
Suppose -2*p + 14 = 2*i - 6, 25 = 4*p + i. Suppose -4*s = 3*y - 2*s + p, -10 = -2*y + 2*s. Let b(a) = 1 + y - 1 - 2*a. Calculate b(5).
-9
Let l(q) be the first derivative of -2*q + 3 + 1/4*q**4 + 1/2*q**2 + 5/3*q**3. What is l(-2)?
8
Let d(f) = -f**3 + 8*f**2 - 6*f - 3. Let i be (-2)/(-3) + (-76)/(-12). Give d(i).
4
Let t = -13 - -18. Let h(w) = 1 + 3*w - 4*w + 5. What is h(t)?
1
Let k(a) = -a - 1. Let c(b) = 9*b + 4. Let n(j) = -c(j) - 5*k(j). What is n(-1)?
5
Let h(s) = s**3 - s**2 - 7. Let a(g) = g**3 + g**2 - 6*g - 1. Let l be a(-3). Let c be l/6 - 3/(-18). Determine h(c).
-7
Let s(v) = v**2 + 6*v - 8. Let m be (-6)/(-5)*(-3 + 6/(-3)). Calculate s(m).
-8
Let p(b) = 2*b**2 + 4*b + 5. Let v be p(-2). Let w(m) = m**2 - 4*m - 3. Calculate w(v).
2
Suppose 3*d + 1 = -2. Let m(a) be the third derivative of 0*a + 0 + 0*a**4 - 3*a**2 - 1/10*a**5 + 0*a**3. What is m(d)?
-6
Let w(t) = -t - 6. Suppose 4*l = -3*u + 5*l - 19, -2*l + 22 = -4*u. Calculate w(u).
2
Let h(l) be the third derivative of -l**6/120 - l**5/60 - l**3/2 + 2*l**2. Suppose -2*a + 20 = 3*a. Suppose a*c = c. Give h(c).
-3
Let f = -13 - -8. Let n(d) = -d - 8. What is n(f)?
-3
Suppose 5*c - a = -1, 4*c + 2*a + 0 - 2 = 0. Let i be 4 + (1 - c - 1). Let z(s) = s**2 - 2 + s**2 - 3*s**2 + 6*s. Determine z(i).
6
Let g(f) be the second derivative of f**6/720 + f**5/30 - f**4/3 - f. Let w(m) be the third derivative of g(m). Give w(-6).
-2
Let f be (-64)/(-12) + (0 - 4)/12. Let r(g) be the second derivative of 1/4*g**4 + 1/2*g**3 - 1/20*g**f + 0 - 1/2*g**2 + g. Calculate r(3).
8
Let y be 6 + (-6)/(-1 - 2). Let t(z) = 0*z + 1 + z**3 - 12*z - 7*z**2 + 3*z. What is t(y)?
-7
Let d(s) = -s**3 + 2*s**2 + s - 1. Let x be (-1)/3 - (-8)/6. Let r be d(x). Let m(j) = -4*j**2 + 5 + 3*j**3 + r - 2*j**3 - 3 - j. Determine m(4).
-1
Let o(a) = -a**3 + 4*a**2 + 2*a - 5. Let i be (1/2)/(1/10). Give o(i).
-20
Let n be -1 + 1 + 2 + 2. Suppose 5*x + n*c + 26 = 0, -2*x + 16 = -3*c - 2*c. Let y(p) be the second derivative of p**3/2 + 4*p. What is y(x)?
-6
Let x(t) = t - 3*t - 4*t**2 + 1 + 4*t. Let q be 2*(-1 - (16 + 1)). Let b be (-14)/18 - (-8)/q. What is x(b)?
-5
Let j(b) = b**3 - 5*b**2 + 4*b. Suppose 2*q = -w, -2*q = 4*w + 4 - 16. Determine j(w).
0
Let f(m) be the third derivative of -m**4/12 + 2*m**3 + 5*m**2. Give f(9).
-6
Let k(q) = 4*q + 1 + 2 + 0*q**2 + 3*q**2 + 169*q**3 - 170*q**3. Calculate k(4).
3
Suppose v - 3 = -0. Let o be -3 + v/(-9)*0. Let k(l) = -l**3 - 3*l**2 + 3*l + 3. Calculate k(o).
-6
Suppose -5*l + 3*w = -15, l = -2*w - 2 - 8. Let o(j) = 2*j + 3 + 1 + l. Let i be 3*((-1)/(-1) - 63/27). Calculate o(i).
-4
Let z(g) = 2*g**2. Let m(w) = -6*